factors of 784.
2, 7
What are the prime factors of 17252?
2, 19, 227
List the prime factors of 6175.
5, 13, 19
What are the prime factors of 694?
2, 347
What are the prime factors of 9902?
2, 4951
What are the prime factors of 41353?
13, 3181
What are the prime factors of 5066?
2, 17, 149
What are the prime factors of 530?
2, 5, 53
List the prime factors of 1193.
1193
List the prime factors of 1693.
1693
List the prime factors of 864.
2, 3
What are the prime factors of 16368?
2, 3, 11, 31
List the prime factors of 26736.
2, 3, 557
What are the prime factors of 17215?
5, 11, 313
List the prime factors of 7877.
7877
List the prime factors of 6121.
6121
What are the prime factors of 2098?
2, 1049
What are the prime factors of 7093?
41, 173
List the prime factors of 2784.
2, 3, 29
List the prime factors of 11923.
11923
List the prime factors of 959.
7, 137
What are the prime factors of 4893?
3, 7, 233
List the prime factors of 8247.
3, 2749
What are the prime factors of 37436?
2, 7, 191
What are the prime factors of 2182?
2, 1091
What are the prime factors of 46604?
2, 61, 191
What are the prime factors of 643?
643
What are the prime factors of 31318?
2, 7, 2237
What are the prime factors of 52469?
71, 739
List the prime factors of 135744.
2, 3, 7, 101
List the prime factors of 2328.
2, 3, 97
What are the prime factors of 109466?
2, 7, 1117
What are the prime factors of 115316?
2, 127, 227
What are the prime factors of 1182?
2, 3, 197
What are the prime factors of 2256?
2, 3, 47
List the prime factors of 161.
7, 23
List the prime factors of 28281.
3, 11, 857
What are the prime factors of 1288?
2, 7, 23
List the prime factors of 1333.
31, 43
What are the prime factors of 2252?
2, 563
List the prime factors of 2111.
2111
List the prime factors of 1605.
3, 5, 107
List the prime factors of 3353.
7, 479
List the prime factors of 18184.
2, 2273
List the prime factors of 2480.
2, 5, 31
List the prime factors of 1516.
2, 379
What are the prime factors of 19126?
2, 73, 131
What are the prime factors of 5035?
5, 19, 53
List the prime factors of 1284.
2, 3, 107
List the prime factors of 63833.
7, 11, 829
What are the prime factors of 30794?
2, 89, 173
What are the prime factors of 1067?
11, 97
What are the prime factors of 3473?
23, 151
List the prime factors of 85969.
13, 17, 389
What are the prime factors of 448?
2, 7
What are the prime factors of 68193?
3, 7577
List the prime factors of 6939.
3, 257
What are the prime factors of 7634?
2, 11, 347
List the prime factors of 99288.
2, 3, 7, 197
What are the prime factors of 29690?
2, 5, 2969
List the prime factors of 7574.
2, 7, 541
List the prime factors of 978.
2, 3, 163
List the prime factors of 51552.
2, 3, 179
List the prime factors of 4334.
2, 11, 197
List the prime factors of 11369.
11369
List the prime factors of 25056.
2, 3, 29
What are the prime factors of 14431?
14431
What are the prime factors of 1914?
2, 3, 11, 29
List the prime factors of 590.
2, 5, 59
List the prime factors of 9616.
2, 601
List the prime factors of 73691.
59, 1249
What are the prime factors of 4823?
7, 13, 53
List the prime factors of 325.
5, 13
What are the prime factors of 308?
2, 7, 11
What are the prime factors of 7429?
17, 19, 23
What are the prime factors of 73340?
2, 5, 19, 193
List the prime factors of 17458.
2, 7, 29, 43
What are the prime factors of 88294?
2, 131, 337
What are the prime factors of 19737?
3, 17, 43
List the prime factors of 10363.
43, 241
List the prime factors of 1898.
2, 13, 73
List the prime factors of 3049.
3049
What are the prime factors of 102932?
2, 25733
What are the prime factors of 33537?
3, 7, 1597
What are the prime factors of 23374?
2, 13, 29, 31
List the prime factors of 41390.
2, 5, 4139
List the prime factors of 2540.
2, 5, 127
What are the prime factors of 2476?
2, 619
List the prime factors of 43230.
2, 3, 5, 11, 131
What are the prime factors of 21361?
41, 521
List the prime factors of 8.
2
What are the prime factors of 63938?
2, 7, 4567
What are the prime factors of 18107?
19, 953
What are the prime factors of 7492?
2, 1873
List the prime factors of 4642.
2, 11, 211
List the prime factors of 4828.
2, 17, 71
List the prime factors of 6533.
47, 139
What are the prime factors of 903?
3, 7, 43
What are the prime factors of 12227?
12227
List the prime factors of 143849.
19, 67, 113
List the prime factors of 231.
3, 7, 11
What are the prime factors of 5236?
2, 7, 11, 17
What are the prime factors of 709?
709
What are the prime factors of 22783?
22783
What are the prime factors of 63276?
2, 3, 5273
List the prime factors of 944.
2, 59
What are the prime factors of 1550?
2, 5, 31
List the prime factors of 19324.
2, 4831
List the prime factors of 239.
239
List the prime factors of 50333.
50333
What are the prime factors of 45435?
3, 5, 13, 233
What are the prime factors of 5229?
3, 7, 83
List the prime factors of 25584.
2, 3, 13, 41
List the prime factors of 21152.
2, 661
What are the prime factors of 6394?
2, 23, 139
List the prime factors of 1805.
5, 19
List the prime factors of 1970.
2, 5, 197
What are the prime factors of 591?
3, 197
List the prime factors of 39200.
2, 5, 7
List the prime factors of 1771.
7, 11, 23
What are the prime factors of 867?
3, 17
What are the prime factors of 1509?
3, 503
List the prime factors of 988.
2, 13, 19
List the prime factors of 1269.
3, 47
What are the prime factors of 37195?
5, 43, 173
What are the prime factors of 3552?
2, 3, 37
What are the prime factors of 10862?
2, 5431
What are the prime factors of 1424?
2, 89
List the prime factors of 1103.
1103
What are the prime factors of 1164?
2, 3, 97
What are the prime factors of 717?
3, 239
What are the prime factors of 14207?
14207
List the prime factors of 3781.
19, 199
List the prime factors of 841.
29
List the prime factors of 24683.
24683
What are the prime factors of 327?
3, 109
List the prime factors of 27117.
3, 23, 131
What are the prime factors of 7301?
7, 149
List the prime factors of 4158.
2, 3, 7, 11
What are the prime factors of 24501?
3, 8167
List the prime factors of 7585.
5, 37, 41
List the prime factors of 169566.
2, 3, 59, 479
List the prime factors of 60324.
2, 3, 11, 457
What are the prime factors of 36009?
3, 4001
What are the prime factors of 858?
2, 3, 11, 13
What are the prime factors of 126919?
13, 751
What are the prime factors of 1110?
2, 3, 5, 37
What are the prime factors of 3108?
2, 3, 7, 37
What are the prime factors of 782?
2, 17, 23
What are the prime factors of 146?
2, 73
List the prime factors of 2759.
31, 89
What are the prime factors of 14656?
2, 229
List the prime factors of 15570.
2, 3, 5, 173
List the prime factors of 78904.
2, 7, 1409
What are the prime factors of 1218?
2, 3, 7, 29
List the prime factors of 2439.
3, 271
List the prime factors of 1443.
3, 13, 37
List the prime factors of 6400.
2, 5
List the prime factors of 1177.
11, 107
List the prime factors of 551.
19, 29
List the prime factors of 986.
2, 17, 29
What are the prime factors of 3041?
3041
What are the prime factors of 4108?
2, 13, 79
What are the prime factors of 6627?
3, 47
List the prime factors of 131526.
2, 3, 7307
List the prime factors of 1024.
2
What are the prime factors of 4475?
5, 179
List the prime factors of 22678.
2, 17, 23, 29
List the prime factors of 11884.
2, 2971
What are the prime factors of 26587?
11, 2417
List the prime factors of 111.
3, 37
What are the prime factors of 963?
3, 107
What are the prime factors of 1202?
2, 601
What are the prime factors of 1184?
2, 37
What are the prime factors of 59070?
2, 3, 5, 11, 179
List the prime factors of 1664.
2, 13
List the prime factors of 37258.
2, 13, 1433
List the prime factors of 16496.
2, 1031
What are the prime factors of 16784?
2, 1049
What are the prime factors of 371?
7, 53
List the prime factors of 44972.
2, 11243
What are the prime factors of 54544?
2, 7, 487
List the prime factors of 22719.
3, 7573
What are the prime factors of 389?
389
List the prime factors of 2042.
2, 1021
List the prime factors of 31861.
151, 211
What are the prime factors of 855?
3, 5, 19
What are the prime factors of 28934?
2, 17, 23, 37
List the prime factors of 114142.
2, 7, 31, 263
What are the prime factors of 5317?
13, 409
List the prime fac